?
True
Is 2487 a multiple of 20?
False
Does 282 divide 23406?
True
Is 22 a factor of 484?
True
Is 64 a factor of 353?
False
Is 9405 a multiple of 55?
True
Does 4 divide 351?
False
Does 3 divide 209?
False
Is 7 a factor of 391?
False
Is 24472 a multiple of 23?
True
Is 3 a factor of 143?
False
Is 567 a multiple of 63?
True
Is 26 a factor of 637?
False
Does 55 divide 39600?
True
Is 24 a factor of 1656?
True
Is 19 a factor of 8067?
False
Does 113 divide 7571?
True
Is 55 a factor of 1016?
False
Is 77 a factor of 5896?
False
Does 25 divide 3150?
True
Does 140 divide 38335?
False
Is 10 a factor of 2300?
True
Is 1425 a multiple of 11?
False
Is 1134 a multiple of 81?
True
Is 8 a factor of 3067?
False
Does 21 divide 12725?
False
Is 483 a multiple of 16?
False
Is 407 a multiple of 37?
True
Does 16 divide 1008?
True
Does 19 divide 1311?
True
Is 11023 a multiple of 73?
True
Does 9 divide 89?
False
Does 24 divide 3264?
True
Is 613 a multiple of 54?
False
Does 38 divide 2139?
False
Is 50688 a multiple of 64?
True
Does 15 divide 70?
False
Is 103 a factor of 50161?
True
Is 84315 a multiple of 231?
True
Does 54 divide 10584?
True
Does 51 divide 110?
False
Does 21 divide 32632?
False
Is 17669 a multiple of 96?
False
Is 15 a factor of 53048?
False
Does 32 divide 634?
False
Is 270 a multiple of 54?
True
Is 594 a multiple of 11?
True
Is 5 a factor of 218?
False
Is 8215 a multiple of 119?
False
Is 259 a multiple of 16?
False
Does 26 divide 1285?
False
Is 139 a factor of 2559?
False
Is 16 a factor of 5770?
False
Is 262 a multiple of 5?
False
Does 3 divide 383?
False
Is 40 a factor of 1458?
False
Does 19 divide 1895?
False
Is 38602 a multiple of 151?
False
Is 2441 a multiple of 7?
False
Does 14 divide 728?
True
Does 89 divide 1869?
True
Is 37 a factor of 629?
True
Is 133 a factor of 29526?
True
Is 196 a multiple of 17?
False
Is 112 a multiple of 13?
False
Is 116430 a multiple of 12?
False
Does 5 divide 4755?
True
Is 7015 a multiple of 11?
False
Does 234 divide 146952?
True
Is 18 a factor of 468?
True
Is 28 a factor of 840?
True
Does 63 divide 14931?
True
Is 1017 a multiple of 9?
True
Is 26159 a multiple of 37?
True
Is 13 a factor of 209?
False
Is 3 a factor of 21528?
True
Is 35222 a multiple of 11?
True
Is 104328 a multiple of 108?
True
Does 12 divide 7728?
True
Is 24219 a multiple of 27?
True
Does 297 divide 42375?
False
Is 9175 a multiple of 25?
True
Does 165 divide 94050?
True
Is 20096 a multiple of 157?
True
Is 39 a factor of 1311?
False
Is 8678 a multiple of 9?
False
Does 5 divide 4043?
False
Is 6840 a multiple of 114?
True
Is 755 a multiple of 14?
False
Is 96 a factor of 75456?
True
Is 19 a factor of 10628?
False
Is 2456 a multiple of 55?
False
Is 52 a factor of 13558?
False
Does 7 divide 287?
True
Is 6804 a multiple of 12?
True
Is 23829 a multiple of 169?
True
Is 12 a factor of 264?
True
Is 3 a factor of 69?
True
Does 4 divide 2172?
True
Does 11 divide 2024?
True
Is 22781 a multiple of 109?
True
Is 15 a factor of 3348?
False
Is 35 a factor of 43995?
True
Is 432 a multiple of 18?
True
Is 645 a multiple of 56?
False
Is 16362 a multiple of 202?
True
Is 3 a factor of 467?
False
Does 4 divide 190?
False
Is 197 a factor of 76135?
False
Is 25 a factor of 1075?
True
Is 21 a factor of 9070?
False
Is 32 a factor of 52?
False
Is 76 a factor of 11734?
False
Is 17808 a multiple of 6?
True
Is 19 a multiple of 3?
False
Does 4 divide 284?
True
Is 71 a factor of 43594?
True
Is 9 a factor of 1016?
False
Is 608 a multiple of 19?
True
Is 21 a factor of 572?
False
Is 896 a multiple of 32?
True
Does 11 divide 1463?
True
Is 16492 a multiple of 217?
True
Is 5 a factor of 320?
True
Does 12 divide 38988?
True
Is 13 a factor of 45535?
False
Is 198 a multiple of 18?
True
Does 113 divide 18645?
True
Does 5 divide 5806?
False
Does 3 divide 864?
True
Is 116 a factor of 9860?
True
Does 89 divide 248?
False
Is 57 a factor of 57?
True
Does 47 divide 1250?
False
Is 27909 a multiple of 19?
False
Is 1848 a multiple of 21?
True
Does 5 divide 310?
True
Is 12 a factor of 322?
False
Is 3 a factor of 79?
False
Is 662 a multiple of 59?
False
Does 10 divide 842?
False
Is 34 a factor of 669?
False
Is 37224 a multiple of 12?
True
Is 3 a factor of 203?
False
Is 17 a factor of 8228?
True
Is 7 a factor of 802?
False
Is 13 a factor of 3247?
False
Does 27 divide 8586?
True
Is 55 a factor of 5390?
True
Does 8 divide 9375?
False
Is 20 a factor of 67?
False
Is 1517 a multiple of 37?
True
Does 26 divide 839?
False
Is 1310 a multiple of 124?
False
Does 38 divide 437?
False
Does 20 divide 1801?
False
Does 174 divide 40356?
False
Is 54 a factor of 1491?
False
Is 21 a factor of 14049?
True
Is 5 a factor of 150?
True
Is 39 a factor of 20787?
True
Is 9 a factor of 1728?
True
Is 8 a factor of 1993?
False
Does 15 divide 1305?
True
Does 40 divide 703?
False
Is 385 a multiple of 40?
False
Is 8806 a multiple of 3?
False
Is 8 a factor of 2582?
False
Is 50 a factor of 68?
False
Is 207 a multiple of 69?
True
Is 1813 a multiple of 9?
False
Is 50 a factor of 1055?
False
Is 1274 a multiple of 13?
True
Does 15 divide 129075?
True
Is 3550 even?
True
Is 25423 a multiple of 10?
False
Is 805 a multiple of 23?
True
Is 5 a factor of 15692?
False
Is 18 a factor of 4168?
False
Is 1788 a multiple of 6?
True
Is 4127 a multiple of 92?
False
Does 8 divide 3963?
False
Is 312 a multiple of 17?
False
Is 468 a multiple of 78?
True
Is 2727 a multiple of 10?
False
Does 155 divide 48955?
False
Does 58 divide 29928?
True
Is 1936 a multiple of 24?
False
Is 20570 a multiple of 55?
True
Does 24 divide 578?
False
Does 7 divide 14875?
True
Is 810 a multiple of 9?
True
Is 10 a factor of 1536?
False
Does 13 divide 5148?
True
Does 12 divide 252?
True
Is 9 a factor of 99?
True
Does 6 divide 66?
True
Is 3572 a multiple of 19?
True
Is 17161 a multiple of 122?
False
Is 6043 a multiple of 11?
False
Is 540 a multiple of 27?
True
Is 35629 a multiple of 62?
False
Is 2355 a multiple of 157?
True
Is 13905 a multiple of 27?
True
Is 12 a factor of 4068?
True
Is 9566 a multiple of 49?
False
Is 6890 a multiple of 60?
False
Is 14 a factor of 1050?
True
Is 882 a multiple of 63?
True
Is 32 even?
True
Does 13 divide 6617?
True
Is 871 a multiple of 13?
True
Is 4 a factor of 2846?
False
Is 36 a factor of 648?
True
Is 12 a factor of 24504?
True
Is 28 a factor of 14924?
True
Is 34 a factor of 695?
False
Does 23 divide 19511?
False
Is 284 a multiple of 28?
False
Does 30 divide 9410?
False
Does 52 divide 1092?
True
Does 7 divide 1719?
False
Is 5035 a multiple of 64?
False
Is 89 a factor of 4539?
True
Is 1848 a multiple of 91?
False
Is 4 a factor of 690?
False
Is 5921 a multiple of 19?
False
Does 2 divide 56?
True
Does 38 divide 50730?
True
Is 31 a factor of 1984?
True
Is 41 a factor of 3157?
True
Is 14 a factor of 7531?
False
Is 8 a factor of 23472?
True
Is 213 a multiple of 7?
False
Is 3 a factor of 104?
False
Is 3 a factor of 114?
True
Does 6 divide 3486?
True
Does 43 divide 516?
True
Is 796 a multiple of 57?
False
Is 275 a multiple of 25?
True
Is 87680 a multiple of 64?
True
Is 7 a factor of 3626?
True
Is 17 a factor of 4352?
True
Is 18 a factor of 48034?
False
Is 72 a factor of 74193?
False
Does 13 divide 84695?
True
Is 23 a factor of 345?
True
Does 15 divide 9824?
False
Is 118 a factor of 3186?
True
Is 29 a factor of 879?
False
Is 11844 a multiple of 141?
True
Is 34 a factor of 31491?
False
Is 11747 a multiple of 124?
False
Is 91 a multiple of 13?
True
Is 1177 even?
False
Does 12 divide 1872?
True
Does 25 divide 1700?
True
Is 23 a factor of 6838?
False
Is 91 a factor of 25482?
False
Does 21 divide 1911?
True
Is 3 a factor of 18?
True
Does 9 divide 42012?
True
Does 4 divide 52?
True
Does 32 divide 576?
True
Does 71 divide 1207?
True
Is 16 a factor of 1654?
False
Is 95 a factor of 5985?
True
Does 40 divide 1480?
True
Is 15 a factor of 529?
False
Is 377 a multiple of 7?
False
Is 16 a factor of 9867?
False
Is 2 a factor of 1875?
False
Is 53 a factor of 1696?
True
Is 31 a factor of 219?
False
Is 34 a factor of 544?
True
Does 37 divide 9203?
False
Does 13 divide 14274?
True
Is 8861 a multiple of 13?
False
Is 1008 a multiple of 21?
True
Does 57 divide 2353?
False
Is 6 a factor of 10626?
True
Does 4 divide 199?
False
Is 12 a factor of 39?
False
Is 93 a factor of 945?
False
Is 25939